mine g(t).
-9
Suppose -4*h + 2*l + 16 = -3*h, 0 = 5*l + 25. Let j(y) = y - 6. What is j(h)?
0
Suppose 10 = -3*a + 7. Let y(r) be the first derivative of r + 4 - 3/4*r**4 + 1/2*r**2 - 1/3*r**3. Calculate y(a).
2
Suppose 4 = -4*o + 5*o. Let d be 2 - -6 - 8/(1 + 1). Let h(y) = -5*y**3 + 4*y**2 + d*y + 4 - 7 + 7*y**3 - 3*y**3. What is h(o)?
13
Suppose -6*i + 37 = 7. Let p(y) = y**3 - 6*y**2 + 8*y - 17. Let o be p(i). Let u(b) = b**3 - b**2 - 2*b. Determine u(o).
-8
Let a be 60/390 + ((-72)/(-39) - 2). Let t(b) be the third derivative of -3*b**2 - 1/15*b**5 + 0*b + 0 - 1/12*b**4 - 1/60*b**6 + a*b**3. Determine t(-2).
4
Let c(o) = -6*o**3 + 5*o - 8*o + 2*o**2 + 17*o**3 + 2*o - 6*o**3. Suppose 2*m = 4*j - 14, 5*m - 2*j + 2 + 1 = 0. Give c(m).
6
Let x = 1162 - 1166. Let r(q) = 7*q + 24. Determine r(x).
-4
Suppose -4*l = -0*l - 12. Let o(k) = -59*k**l + 60*k**3 - 1 - 3*k + 2*k**2 - 5*k**2 + 2*k**2. Give o(-2).
-7
Let j(v) = v**2 - v + 1. Suppose 3*a + 10 = 2*s, 2 + 0 = -s - 2*a. What is j(s)?
3
Suppose 0 = 3*n + 3*g, -5*n - 9 = -3*g - 41. Suppose -3*a + b + 8 = -2*a, -4 = -2*a - n*b. Let c(v) = v - 6. Determine c(a).
0
Let s(m) be the third derivative of m**5/120 - m**4/24 + 7*m**3/3 - 11*m**2. Let y(r) be the first derivative of s(r). Give y(1).
0
Let t(c) be the third derivative of c**6/720 + c**5/40 + 7*c**4/8 + 4*c**2. Let i(r) be the second derivative of t(r). Calculate i(-3).
0
Let u(p) be the second derivative of 1/6*p**3 + 0 + 2*p**2 + 47*p. Give u(-5).
-1
Let w(z) = -z**3 - 6*z**2 + 6*z + 2. Let b(q) = q**2 - 7. Let v be b(0). Calculate w(v).
9
Suppose 6*t + 10 = -26. Let z(w) be the first derivative of -8*w - 1/3*w**3 - 7/2*w**2 + 10. Calculate z(t).
-2
Let g(b) = -b**2 + 7*b - 5. Let s = -16 - 12. Let o(i) = -2*i**2 + 9*i + 12. Let r be o(-3). Let v = s - r. Give g(v).
5
Let w(a) = 9 + 3*a - 4 - 14*a + 0 + 4. What is w(6)?
-57
Let o(m) = 27*m**2 - 3. Let j(b) = 53*b**2 - 5. Let h(d) = 4*j(d) - 7*o(d). Let q be (-68)/17 + 5*1. What is h(q)?
24
Let d(o) = -2*o + 4. Let f = 86 - 66. Let j(r) = 5*r**3 - r**2 + 2*r - 1. Let s be j(1). Suppose s*x - 10 = f. Determine d(x).
-8
Let w(u) = -u**2 + 12*u - 11. Let x(m) = 3*m + 3. Let n be x(2). Calculate w(n).
16
Let n be 6*((-10)/(-6) + -1). Suppose w + 0 = 2. Let q(l) = l - 9*l + l**w + 4*l - 3. What is q(n)?
-3
Let g(t) = -12*t + 4 + 4*t + 9*t + 8*t**3 - 3 - t**2. Let s = -23 + 22. Give g(s).
-9
Let t(m) = -5*m**2 + m + 6. Suppose 0 = 4*h + 2*l - 22, -2*l + 26 = 6*h - h. Let y(i) = -4*i**2 + 2*i + 5. Let r(s) = h*y(s) - 3*t(s). Determine r(5).
2
Let a(t) = -t**2 - 7*t - 2. Suppose -12 = 4*p - 7*p. Suppose o = -3*c - 23, 0 = 2*c + 4*o - p + 36. Calculate a(c).
4
Let o(k) = -6*k**3 - k**2 + 2*k + 2. Let s be o(-1). Suppose -s*x - 1 = -3*m, -2*m = 5*x + m - 11. Let c(z) = -18*z. Calculate c(x).
-18
Let r(g) = 2*g + 4. Let v(c) = c**3 + 7*c**2 + 6*c - 3. Let m be 3/5 - (72/20 - -3). Let u be v(m). Give r(u).
-2
Let x(t) be the first derivative of 9*t**2 + t - 13 + 0*t**2 - 7*t**2. Give x(-3).
-11
Let f(w) = -11*w - 6. Let n(y) = -1. Let i(d) = f(d) - 4*n(d). Give i(-3).
31
Let n be (16/72*-9)/((-2)/3). Let o(f) = -f**2 - 3*f - 2. What is o(n)?
-20
Let o be (-4)/(-10) - 2/5. Let s(b) be the second derivative of 4*b + 0 - 1/12*b**4 - 1/6*b**3 + 0*b**2. Give s(o).
0
Let c = 232 + -231. Let w(d) = d. Calculate w(c).
1
Let v(z) = -42*z**2 + 12*z**2 + 18*z**2 - 1 + 10*z**2 + z. Let m(f) = 6*f**3 - 7*f**2 + 2*f - 4. Let a(l) = m(l) - 3*v(l). Let t = 3 + -4. Determine a(t).
-7
Let d(i) = -i**2 + 7. Let v(w) = -22*w + 195. Let n be v(9). Determine d(n).
-2
Let x(d) = -1. Let z(t) = 8*t - 6. Let b(y) = 14*x(y) - 2*z(y). Give b(-2).
30
Let n(i) = -47 - 38 + 89 + 2*i. Give n(7).
18
Let v(q) = -q + 7 - 7. Let x be (21 - (24 + -2))*(-2*4 - 1). Determine v(x).
-9
Suppose -15*b - 5*c + 28 = -11*b, 2*c + 2 = 5*b. Let f(p) be the first derivative of -3/2*p**b + 5/3*p**3 - 1/4*p**4 - 4*p + 7. Determine f(4).
0
Let z be 4*(3/(-2))/(-3). Suppose -5*l = z*q - 2*l - 19, 3*l = -q + 17. Let i be q/(-4 + 7/2). Let a(f) = f**3 + 3*f**2 - 3*f - 2. Give a(i).
-6
Let z(j) = -j**2 - j - 1. Let k(i) = -i**3 + 12*i**2 + 13*i + 17. Let u(n) = k(n) + 4*z(n). What is u(9)?
13
Let a = -5 - 0. Let k(z) = -z**2 + z - 1. Let h(l) = -3*l**2 - l - 12. Let c(j) = h(j) - 2*k(j). Let q(f) be the first derivative of c(f). Determine q(a).
7
Let p = -197 - -201. Let m(v) = -v**3 + 2*v**2 + 3*v - 5. What is m(p)?
-25
Let b(t) = -3*t**2 - 2*t**2 + t + 49 - 49. Let k be ((-10)/(-10))/(0 - 1). Calculate b(k).
-6
Let l(j) be the third derivative of j**4/24 + j**3/3 - 154*j**2. Determine l(4).
6
Suppose 4*v - a = -72 + 92, 16 = -4*a. Let u(c) be the third derivative of 0*c + v*c**2 + 0 + 1/60*c**5 + 1/6*c**3 + 5/24*c**4. What is u(-5)?
1
Let b = 25 - 23. Let i(j) = -4 - b*j**2 - 7*j - j**2 + j**2 + j**2. Let h(q) = -q**2 - 6*q - 7. Let z be h(-6). Give i(z).
-4
Let n = -3 - -8. Let u(j) = 0*j**2 + 12*j - 7*j**2 + 2*j + 5. Let m(w) = -3*w**2 + 7*w + 2. Let p(s) = 5*m(s) - 2*u(s). Give p(n).
10
Let x(s) = -26*s - s**2 + 4*s + 15*s - 6. Determine x(-6).
0
Let p = -13 + 9. Let j(w) = -w**3 - 6*w**2 - 6*w - 7. Let g be j(p). Let b = g + 12. Let r(t) = t**3 + 3*t**2 - 3*t + 2. Calculate r(b).
11
Let u = -601 - -610. Let k(b) = 3*b - 27. Calculate k(u).
0
Let q = -15 + -2. Let h(k) = -k**3 - 18*k**2 - 17*k - 3. Let w be h(q). Let p(v) = -v**3 - 4*v**2 - v + 4. Give p(w).
-2
Let r(m) = 3*m + 8. Let z = -13 + 9. Let n be r(z). Let g be (-1)/n + 255/(-60). Let p(s) = -3*s - 1. Calculate p(g).
11
Let h(k) be the second derivative of k**3/6 - k. Suppose -3*a = -r - 67, -2*a + 0*a + 348 = -5*r. Let l = r - -70. Calculate h(l).
0
Let z(i) = 8*i**2. Let d = 26 - 21. Suppose 0 = -4*w - d*l - 9, -2*w + 4*l = -6*w - 4. Suppose 2*m + 6 - w = 0. What is z(m)?
8
Suppose 3*b + 2*s - 366 = -b, s = 5*b - 468. Suppose -p + 27 = -b. Let w(f) = -p*f + 1 + f**2 + 120*f. Give w(2).
5
Let y(h) = h**3 + 27*h**2 + 93*h + 30. Let b be y(-23). Let v(s) = 14*s**2 + 4*s + 21. Let t(u) = -5*u**2 - u - 7. Let f(d) = -17*t(d) - 6*v(d). What is f(b)?
-7
Let g(f) = -f - 2. Let h = 0 + 6. Suppose n + h = 12. Determine g(n).
-8
Let n(z) = z**3 + z**2 - z - 1. Let u = -27 - -32. Let m(f) = -6*f**3 - 7*f**2 + 4*f + 5. Let r(p) = u*n(p) + m(p). Give r(-2).
2
Let u(x) = -3*x - 9. Let p be (0*(-4)/(-12))/1. Suppose r + 4*r - 10 = p. Suppose 2*h + 28 = -r*h. Determine u(h).
12
Let z = -356 - -360. Let o(x) = x**2 - 5*x + 6. What is o(z)?
2
Let w(y) = 8. Let h(b) = b + 11. Let d(m) = 3*h(m) - 4*w(m). What is d(1)?
4
Let z be 3/1 + 4/(-1). Let i be (-3 - -1) + z + 3. Let w(o) = o - 2*o + i + 6 + 3*o. Give w(-6).
-6
Let a(i) = i**2 - 7*i + 6. Suppose -3*n - 2*n = 0. Let f(x) = 23*x - 41. Let m be f(2). Let y = n + m. What is a(y)?
-4
Let l(z) = -z**2 + 5*z + 2*z - 4 - 2*z. Determine l(3).
2
Let k(u) = -2*u + 6. Let s(a) = a. Suppose -3*z = -2*l + 2*z - 8, 4*z - 4 = 4*l. Let i(o) = l*k(o) + 3*s(o). Calculate i(9).
15
Let n = -7 - -9. Let a(x) = -3*x**2 + x + 0*x + 3*x**n + 10*x**3. Let q be 0 + (-1 - -3 - 1). Calculate a(q).
11
Let w(q) = -3*q. Suppose -s - 7 = -11. Let m be (2 - 3) + 6 - 1. Let l be m*s/16*-3. Determine w(l).
9
Let a(o) be the second derivative of -o**4/12 - 5*o**3/6 - 2*o**2 - 13*o. Let k(p) = -2*p**2 + 7*p - 1. Let l be k(4). What is a(l)?
-4
Let m(o) = o + 2. Let j(h) be the first derivative of -h**2/2 - h - 12. Let a(p) = 3*j(p) + 2*m(p). Give a(-5).
6
Let f(x) = -x - 25. Let d(q) = -q - 25. Let b(z) = -4*d(z) + 5*f(z). What is b(-22)?
-3
Let t(a) be the third derivative of -a**6/120 + a**5/60 + 2*a**3/3 + a**2. Let r = -24 - -24. Let i be t(r). Let z(h) = h - 4. Determine z(i).
0
Let l(r) = -10*r**2 + 13*r**2 - 2*r**2 + 10*r + 25 - 61. What is l(-13)?
3
Let j be (15 - (-279)/(-18))/(2/(-92)). Let p(d) = -d**3 + 24*d**2 - 23*d + 6. Give p(j).
6
Let p(k) = -k**3 - 4*k**2 - k - 10. Let v be 24/16 + (-2 - (-27)/(-6)). Give p(v).
20
Let o(v) be the first derivative of -v**2 - v - 2. Let h(j) = -j**2 + 14*j + 76. Let d be h(18). Calculate o(d).
-9
Let t(a) be the first derivative of -a**3/3 + 7*a - 105. Determine t(-3).
-2
Let d be (-6 - -3)*(-2 + 1). Let u = d - 3. Suppose u = 2*o - 3*l - 0 + 1, 0 = 3*l - 9. Let z(f) = f**2 - 2*f + 2. Give z(o).
10
Let h(a) = a**3 - 5*a**2 + a - 47. Le